{"id":8414,"date":"2024-04-01T14:30:39","date_gmt":"2024-04-01T12:30:39","guid":{"rendered":"https:\/\/www.ccdneamt.ro\/new\/?page_id=8414"},"modified":"2025-11-24T12:17:25","modified_gmt":"2025-11-24T10:17:25","slug":"oferta-de-programe-de-formare-continua","status":"publish","type":"page","link":"https:\/\/www.ccdneamt.ro\/new\/oferta-de-programe-de-formare-continua\/","title":{"rendered":"OFERTA DE PROGRAME DE FORMARE CONTINU\u0102 A CASEI CORPULUI DIDACTIC NEAM\u0162"},"content":{"rendered":"<p class=\"has-black-color has-text-color has-link-color wp-elements-9ac00cf961d1ea846fe5a532228b76c6\">\n<div class=\"wp-block-media-text is-stacked-on-mobile\" style=\"grid-template-columns:57% auto\">\n<figure class=\"wp-block-media-text__media\"><img loading=\"lazy\" decoding=\"async\" width=\"259\" height=\"195\" src=\"https:\/\/www.ccdneamt.ro\/new\/wp-content\/uploads\/2017\/01\/desc\u0103rcare.jpg\" alt=\"\" class=\"wp-image-4036 size-full\"\/><\/figure>\n<div class=\"wp-block-media-text__content\">\n<p><strong><a href=\"https:\/\/www.ccdneamt.ro\/new\/wp-content\/uploads\/2025\/11\/OFERTA-DE-PROGRAME-DE-FORMARE-2025-2026-CCD-NEAMT-.pdf\"><mark style=\"background-color:rgba(0, 0, 0, 0)\" class=\"has-inline-color has-vivid-cyan-blue-color\">OFERTA DE PROGRAME DE FORMARECONTINU\u0102 AN \u015eCOLAR 2025-2026<\/mark><\/a><\/strong><\/p>\n<p><strong><a href=\"https:\/\/www.ccdneamt.ro\/new\/2024\/11\/oferta-de-programe-de-formare-continua-an-scolar-2024-2025\/\"><mark style=\"background-color:rgba(0, 0, 0, 0)\" class=\"has-inline-color has-vivid-cyan-blue-color\">OFERTA DE PROGRAME DE FORMARECONTINU\u0102 AN \u015eCOLAR 2024-2025<\/mark><\/a><\/strong><\/p>\n<p class=\"has-vivid-cyan-blue-color has-text-color has-link-color wp-elements-0066b77ae69735bd18851b9d7dd06ec7\"><strong><a href=\"https:\/\/www.ccdneamt.ro\/new\/2023\/11\/oferta-de-programe-de-formare-continua-an-scolar-2023-2024\/\">OFERTA DE PROGRAME DE FORMARE CONTINU\u0102 AN \u015eCOLAR 2023-2024<\/a><\/strong><\/p>\n<p class=\"has-vivid-cyan-blue-color has-text-color has-link-color wp-elements-8588a201bb4d710f451df8cb1bf8a5f8\"><strong><a href=\"https:\/\/www.ccdneamt.ro\/new\/2022\/11\/oferta-de-programe-de-formare-continua-an-scolar-2022-2023\/\">OFERTA DE PROGRAME DE FORMARE CONTINU\u0102 AN \u015eCOLAR 2022-2023<\/a><\/strong><\/p>\n<p class=\"has-vivid-cyan-blue-color has-text-color has-link-color wp-elements-aae1dc1cc37d97807615046f871d993e\"><strong><a href=\"https:\/\/www.ccdneamt.ro\/new\/2021\/11\/oferta-de-programe-de-formare-continua-an-scolar-2021-2022\/\">OFERTA DE PROGRAME DE FORMARE CONTINU\u0102 AN \u015eCOLAR 2021-2022<\/a><\/strong><\/p>\n<p class=\"has-vivid-cyan-blue-color has-text-color has-link-color wp-elements-e1e03b5831110e00b662c843e9d9d0ce\"><strong><a href=\"https:\/\/www.ccdneamt.ro\/new\/2020\/11\/oferta-de-programe-de-formare-continua-an-scolar-2020-2021\/\">OFERTA DE PROGRAME DE FORMARE CONTINU\u0102 AN \u015eCOLAR 2020-2021<\/a><\/strong><\/p>\n<p class=\"has-vivid-cyan-blue-color has-text-color has-link-color wp-elements-6bdec8cc9701cab534ce54358d79d741\"><a href=\"https:\/\/www.ccdneamt.ro\/new\/2020\/07\/oferta-de-programe-de-formare-continua-an-scolar-2019-2020\/\"><strong>OFERTA DE PROGRAME DE FORMARE CONTINU\u0102 AN \u015eCOLAR 2019-2020<\/strong><\/a><\/p>\n<p class=\"has-vivid-cyan-blue-color has-text-color has-link-color wp-elements-2f4a36ca0713e422f912c955bb0c58ef\"><strong><a href=\"https:\/\/www.ccdneamt.ro\/new\/2018\/12\/catalogul-programelor-de-formare-continua-an-scolar-2018-2019\/\">OFERTA DE PROGRAME DE FORMARE CONTINU\u0102 AN \u015eCOLAR 2018-2019<\/a><\/strong><\/p>\n<p class=\"has-vivid-cyan-blue-color has-text-color has-link-color wp-elements-aace62634fc78178af3fc7889f7dcb4e\"><strong><a href=\"https:\/\/www.ccdneamt.ro\/new\/2018\/01\/catalogul-programelor-de-formare-continua-an-scolar-2017-2018\/\">OFERTA DE PROGRAME DE FORMARE CONTINU\u0102 AN \u015eCOLAR 2017-2018<\/a><\/strong><\/p>\n<p><strong><a href=\"https:\/\/www.ccdneamt.ro\/new\/category\/programe\/\">OFERTA DE PROGRAME DE FORMARE CONTINU\u0102 ANI ANTERIORI<\/a><\/strong><\/p>\n<\/div>\n<\/div>\n","protected":false},"excerpt":{"rendered":"<p>OFERTA DE PROGRAME DE FORMARECONTINU\u0102 AN \u015eCOLAR 2025-2026 OFERTA DE PROGRAME DE FORMARECONTINU\u0102 AN \u015eCOLAR 2024-2025 OFERTA DE PROGRAME DE FORMARE CONTINU\u0102 AN \u015eCOLAR 2023-2024 OFERTA DE PROGRAME DE FORMARE CONTINU\u0102 AN \u015eCOLAR 2022-2023 OFERTA DE PROGRAME DE FORMARE CONTINU\u0102 AN \u015eCOLAR 2021-2022 OFERTA DE PROGRAME DE FORMARE CONTINU\u0102 AN \u015eCOLAR 2020-2021 OFERTA DE PROGRAME&hellip; <a class=\"continue\" href=\"https:\/\/www.ccdneamt.ro\/new\/oferta-de-programe-de-formare-continua\/\">Continue Reading<span> OFERTA DE PROGRAME DE FORMARE CONTINU\u0102 A CASEI CORPULUI DIDACTIC NEAM\u0162<\/span><\/a><\/p>\n","protected":false},"author":1,"featured_media":0,"parent":0,"menu_order":0,"comment_status":"closed","ping_status":"closed","template":"","meta":{"footnotes":""},"class_list":["post-8414","page","type-page","status-publish","hentry"],"_links":{"self":[{"href":"https:\/\/www.ccdneamt.ro\/new\/wp-json\/wp\/v2\/pages\/8414","targetHints":{"allow":["GET"]}}],"collection":[{"href":"https:\/\/www.ccdneamt.ro\/new\/wp-json\/wp\/v2\/pages"}],"about":[{"href":"https:\/\/www.ccdneamt.ro\/new\/wp-json\/wp\/v2\/types\/page"}],"author":[{"embeddable":true,"href":"https:\/\/www.ccdneamt.ro\/new\/wp-json\/wp\/v2\/users\/1"}],"replies":[{"embeddable":true,"href":"https:\/\/www.ccdneamt.ro\/new\/wp-json\/wp\/v2\/comments?post=8414"}],"version-history":[{"count":8,"href":"https:\/\/www.ccdneamt.ro\/new\/wp-json\/wp\/v2\/pages\/8414\/revisions"}],"predecessor-version":[{"id":11127,"href":"https:\/\/www.ccdneamt.ro\/new\/wp-json\/wp\/v2\/pages\/8414\/revisions\/11127"}],"wp:attachment":[{"href":"https:\/\/www.ccdneamt.ro\/new\/wp-json\/wp\/v2\/media?parent=8414"}],"curies":[{"name":"wp","href":"https:\/\/api.w.org\/{rel}","templated":true}]}}